5)/1. What is the tens digit of 2432/56 + 3/p?
4
Let k(i) be the second derivative of i**4/6 - 11*i**3/6 - i**2 + 5*i. Let l(r) be the first derivative of k(r). What is the units digit of l(5)?
9
Suppose -144*j + 20032 = -128*j. What is the tens digit of j?
5
Suppose -5019 + 547 = -8*l. What is the hundreds digit of l?
5
Let j(v) be the second derivative of -v**4/4 + 5*v**2/2 - 2*v. Let d(g) be the first derivative of j(g). What is the tens digit of d(-4)?
2
Let g(h) = -h**3 + 5*h**2 + 6*h + 3. Let f be g(6). Suppose 2*q - 92 = -2*q + 2*y, -3*y = -f*q + 72. What is the units digit of q?
2
Suppose -12 = -3*v - 9. What is the tens digit of (-2)/(357/(-658) + v/2)?
4
Suppose -c - 83 = 5*a + 2*c, -91 = 5*a + c. Let x = a - -28. What is the units digit of x?
9
Let y = -15 - -18. Let r(c) = 12*c**2 - 4*c**y - 10 - 5*c**2 + c**3 - 6*c + 4*c**3. What is the tens digit of r(-7)?
3
Let c(j) = 10*j**3 - j**2 - 4*j + 3. Let d be c(4). What is the hundreds digit of (-2)/(-30)*5 - d/(-3)?
2
Suppose -11*i = -6*i - 710. Let p = i + -31. What is the units digit of p?
1
Let p = 155 + -432. What is the units digit of (-1)/(5/p) + (-12)/30?
5
Let g = 584 + -329. What is the tens digit of g?
5
Suppose 4*q + 3*g - 4 = 0, 0 = 3*q - 4*g - 0*g - 28. Suppose 3*y - 7*y + 14 = -2*v, -q*v = -y. Suppose -148 = -4*u - y. What is the units digit of u?
6
Let n(k) = 0 - 1 - 1 - 31*k. Let o be n(1). Let p = o - -50. What is the tens digit of p?
1
Let q(n) = -3*n + 3*n**2 + 9*n**2 + 54 - 11*n**2 + 128. What is the hundreds digit of q(0)?
1
Let d(l) = 47*l + 7. Let b(k) = -48*k - 6. Let u(w) = 3*b(w) + 2*d(w). What is the tens digit of u(-2)?
9
Let d(r) = -33*r + 181. What is the hundreds digit of d(-8)?
4
Let x(w) = -4*w**3 - 2*w - 1. Let f be x(-1). Let v = 9 - f. Suppose 0*s - v*s = -u + 20, 4*u - 3*s = 145. What is the units digit of u?
0
Let p(a) = -12*a - 16. Let m be p(-11). Let j = m + -68. What is the tens digit of j?
4
Suppose -16417 = -37*v + 26503. What is the hundreds digit of v?
1
Suppose -6*w + 4*w = 28. Let i(s) = -6*s + 6. What is the units digit of i(w)?
0
Let d be (4 - 4)/(1 + -3) + -152. Let p = -72 - d. What is the units digit of p?
0
Suppose -2*c + 5*c = 6. Suppose p + c*p = 5*i - 417, p = i - 83. Suppose -l + i = 3*l. What is the units digit of l?
1
Suppose -3*c = 4*k, -4*c - 3*k = -c. Suppose -s + 1 = -c. What is the units digit of ((-88)/(-12))/(s/3)?
2
Suppose -31*r + 7939 = 1150. What is the units digit of r?
9
Suppose 4*q - 147 - 273 = 0. What is the units digit of q?
5
Let z = -175 - -256. Let q = z + -41. What is the units digit of q?
0
Let i(f) = f**3 + 13*f**2 + 19*f + 19. Suppose 0 = 5*z - z - 2*h + 52, h - 37 = 3*z. What is the units digit of i(z)?
2
Let j be (-3 + (-34)/(-12))*-6. Let m be (3 + -41)/(1 + j). Let y = 24 - m. What is the tens digit of y?
4
Let p = 4008 - -789. What is the units digit of p?
7
Let y be (-18)/4*2/6*-76. Suppose t + 0*t - y = 0. What is the tens digit of t?
1
Let i be (22/4)/(16/32). Let s = i - 6. Let d(m) = 5*m + 9. What is the units digit of d(s)?
4
Suppose 0 = -4*w + 11 + 1. Let s(u) = -5*u**3 - 4*u**2 - 12*u. Let o(g) = -4*g**3 - 4*g**2 - 9*g. Let j(f) = 6*o(f) - 5*s(f). What is the units digit of j(w)?
9
Let g = 395 - 125. Let y = 499 - g. What is the hundreds digit of y?
2
Let d = -123 - -238. Let h = -28 + d. What is the tens digit of h?
8
Suppose 6*b = 3222 - 168. What is the tens digit of b?
0
Let g(v) = -8*v**3 + 5*v**2 + 6*v + 15. What is the units digit of g(-6)?
7
Let q = -5 + 2. Let b be (-6)/2*3/q. Suppose b*s = -0*s + 39. What is the units digit of s?
3
Let a(s) = 3*s + 34. Let r = 52 + -42. What is the units digit of a(r)?
4
Suppose 6 = 3*l + 4*t, 0 = -5*l + t + 2*t + 10. Suppose 2*j - l*v = -3*j - 10, 5*j + 4*v + 10 = 0. Let c = -1 - j. What is the units digit of c?
1
What is the thousands digit of ((-3063)/(-8))/((-20)/(-160))?
3
Let s(h) = 12*h + 69. What is the units digit of s(0)?
9
Let t = 359 - 351. Suppose q - 2*q - 2 = 0, -80 = -b - 2*q. What is the units digit of 4/6*b/t?
7
Let y(b) = 0 - 7 + 15 - 6*b - 3. What is the units digit of y(-6)?
1
Let v(j) = 5*j**2 - 9*j + 33. What is the units digit of v(5)?
3
Suppose 16*y = 18*y + 360. Let m = y + 311. What is the hundreds digit of m?
1
Suppose 5*n + 3*x = 15, -20 = -4*n - 2*x - 2*x. Suppose n = 4*v - 20. What is the units digit of v?
5
What is the units digit of 3*872/(-36)*-6?
6
Suppose -6*m + 60 = -108. Suppose -u + 27 = -m. What is the units digit of u?
5
Let p be 0*(-2)/(-4) - -5. Let o = -4 + p. What is the units digit of 19*(-1 - -3 - o)?
9
Let g(v) = -v**3 - v**2 + 4 - 4 + 2 - 5*v**2 - v. Let f be g(-7). Suppose -5*x + 3*w + 207 - 80 = 0, 2*x = 3*w + f. What is the tens digit of x?
2
Suppose -5*r + 4*r = -6*r. Suppose 4*y - 8 = r, -3*y + 300 = 5*q + 2*y. What is the units digit of q?
8
Let x be ((-104)/(-28) + -4)*-7. Suppose 0 = c + x, -5*f + 0*c + 2*c = -609. What is the units digit of f?
1
Let a(t) = 9*t + 7. Let v be a(-7). Let f(q) = -q**2 - 31. Let g be f(0). Let i = g - v. What is the units digit of i?
5
Suppose -2*h = -12*h + 1350. What is the tens digit of h?
3
Let m(a) = -5 + 3 + 3*a - 2*a - 16*a. What is the tens digit of m(-2)?
2
Let s be (-1228)/(-10) - (-7)/35. Let x = s + -63. What is the units digit of x?
0
Let b(n) = -3*n**3 - 3*n**2 - 134. What is the hundreds digit of b(-8)?
2
Let u = -69 + 70. Suppose 7 - u = 6*p. What is the units digit of p?
1
Suppose -5*n = -2*i + 176, 4*i + 0*i - 374 = -n. What is the units digit of i?
3
Let n(o) = o**3 + 3*o**2. Suppose 2*a = 7 - 11. Let d be n(a). Suppose m - 16 = d*h, 4*m + 2*h = -2*h + 164. What is the tens digit of m?
3
Let s be (-3)/(-5) + 3413/(-5). Let b = -406 - s. What is the tens digit of b?
7
Let t = 18457 - 11971. What is the hundreds digit of t?
4
Let y be 2 - -54 - (2 + 0). Suppose 0 = -5*o + a + 73, 3*a + y = 4*o - 0*o. Suppose 0 = k - o - 25. What is the units digit of k?
0
Suppose -2*n = 3*n - u + 4, -16 = 5*n - 4*u. Suppose n = -2*p + 59 + 91. What is the tens digit of p?
7
Let q(y) = -y**2 - 10*y + 10. Let r be q(-10). What is the tens digit of (-15)/25 - (-506)/r?
5
Let d(t) = -3*t**3. Let i be d(-1). Let r(g) = g**3 + 16*g**2 - 17*g + 35. Let m be r(-17). Suppose c - m = i. What is the tens digit of c?
3
What is the tens digit of (4/8 + -1)*(-115 + 3)?
5
Suppose 576*t + 6335 = 581*t. What is the units digit of t?
7
Let s be 20688/60 - 1/(-5). Suppose -i + 75 = 2*h, -2*i - 3*i = 4*h - s. What is the tens digit of i?
6
Let j be 28/20 - 3/(-5). Suppose 0 = -5*p + d + 152 - 17, j*p = 5*d + 54. What is the units digit of p?
7
Suppose -60459 = -71*i + 39935. What is the hundreds digit of i?
4
Suppose 0*w - 3*w = -336. Suppose n - w = -n. What is the units digit of n?
6
Suppose 5029 = -67*d + 70*d + x, -d - 5*x + 1667 = 0. What is the tens digit of d?
7
Suppose -31*u + 45424 = 10549. What is the units digit of u?
5
Suppose -28 = -5*u - 18. Suppose 460 = 8*t - 5*t - 4*p, -u*t + 3*p = -308. What is the units digit of t?
8
Let m = -1264 + 1915. What is the tens digit of m?
5
Let n = -13 - -1. Let b be (-27)/n*(1 - -3). Suppose -7*j + b*j = 94. What is the tens digit of j?
4
Let q = 2903 - 1855. What is the thousands digit of q?
1
Let z be 12 + 15/(0 + 5). What is the tens digit of (-10)/z - (1112/(-6))/2?
9
Let l = -2674 - -3985. What is the thousands digit of l?
1
Let m(i) = 2*i**2 - 4*i**2 + 20*i**3 - 3*i**2 - 22*i**3 - 3*i. What is the tens digit of m(-3)?
1
Let t(w) = -23*w - 120. What is the units digit of t(-17)?
1
Let m = 52 + -42. What is the units digit of m/(-3 + 66/21)?
0
Suppose 32*v - 19*v - 30186 = 0. What is the hundreds digit of v?
3
Suppose 0 = 4*b + 3*v + 155, -b = -4*b - 3*v - 120. Let k be (-250)/14 + 5/b. Let q = -8 - k. What is the units digit of q?
0
Let m be ((-3)/(-12) - (-1)/(-4))/2. Suppose m = 5*b + 557 - 1377. What is the tens digit of b?
6
Let l(y) = 17*y + 1. Let t(x) = 6*x - 6. Let z be t(4). Suppose 4*u = 2*v + z, 2*u - 2*v - v = 19. What is the tens digit of l(u)?
3
Suppose 0 = 9*c + 18679 - 46507. What is the units digit of c?
2
Let d be (-11)/((-22)/56) - 1. What is the units digit of 1108/36 + 6/d?
1
Let r(t) = -11*t - 13. Let j be (2/(-2))/(4 - (-115)/(-30)). What is the units digit of r(j)?
3
Suppose -2*u + 9 = u. Let z be 2